3. What is the remainder when v is divided by 5?
4
What is the remainder when (164/(-6))/(64/(-288)) - 2 is divided by 59?
3
Suppose 3*o + 3*t = 207, -63 = -3*o + 5*t + 168. Let b = o + -19. Calculate the remainder when 103 is divided by b.
50
Suppose -11 = -2*o - 1. Suppose -k = -0*k - o. What is the remainder when 17 is divided by k?
2
Let w = -1712 - -1733. Calculate the remainder when w is divided by 3.
0
Suppose -4*z = -2*c + 16, 1 + 3 = -z - 4*c. Let s = 0 - z. Suppose 2*o - s*t + 10 = 0, -4*t + t = o - 15. What is the remainder when 9 is divided by o?
0
Let m(z) = -z + 6. Suppose 5*s + c = 4 + 7, 0 = -3*s - 5*c + 11. Let v be m(s). Let w = 37 + v. Calculate the remainder when w is divided by 11.
8
Suppose -6 = 2*k - 4*m, k = -m - 5 - 7. Calculate the remainder when 3/2*(-69)/k*2 is divided by 13.
10
Let c = 19 - 7. What is the remainder when 117 is divided by c?
9
Suppose 202 + 40 = 11*f. Calculate the remainder when 98 is divided by f.
10
Suppose -9*q + 940 = -4*q. Let u = 203 - q. Suppose -x + 6*x - 40 = 0. Calculate the remainder when u is divided by x.
7
Suppose -5*h + 60 = -5*p - 0*h, -p + 4*h = 21. Let o be p/6*(-4)/6. Calculate the remainder when (19 + 3/o)*2 is divided by 23.
21
Let i(p) = p**2 - 9*p + 2. Let l be i(9). Let m(c) = 3*c**2 + 2*c - 1. Calculate the remainder when m(l) is divided by (-128)/(-22) + (-4)/(-22).
3
Let t(a) = -10 + 2 - 2*a - a. Let n = -4737 + 4755. What is the remainder when n is divided by t(-6)?
8
Suppose -2*h + 120 = h. Let b be ((-5)/(-10))/(1/(-40) + 0). Let l = 41 + b. Calculate the remainder when h is divided by l.
19
Suppose 134 = y - 60. What is the remainder when y is divided by 52?
38
Suppose -156*o + 16 = -148*o. Calculate the remainder when 5 is divided by o.
1
Let x = 9 + 3. Suppose -3*g = -2*g - 45. Calculate the remainder when g is divided by x.
9
Suppose 0 = 3*w + 5*v - 1142, -5*w + 2155 = -2*v + 293. Calculate the remainder when w is divided by 25.
24
Suppose a = 2*k - 13, 4 + 27 = 5*k - 2*a. Suppose -k*i + i = -36. Calculate the remainder when 17 is divided by i.
8
Let f = 316 + -299. Suppose -2*x = 3*u + 15, -2*x - 23 = 4*u - 5. Calculate the remainder when (-292)/(-6) - 1/x is divided by f.
15
Suppose 56*y - 23*y - 990 = 0. What is the remainder when 506 is divided by y?
26
Let g(b) = 3*b**3 - b**2 + 2*b - 1. Calculate the remainder when 17/(-3*(-4)/48) is divided by g(2).
22
Suppose -s = -4*x + 149, 3*s - 4*s + 3 = 0. Calculate the remainder when 758 is divided by x.
36
Let s(c) = 8*c + 132. What is the remainder when s(5) is divided by 22?
18
Suppose 0 = 2*o + 1 + 3, 24 = 4*f - 4*o. Suppose 0 = -2*m - 4*x - 0*x + 40, -110 = -f*m - 2*x. Calculate the remainder when 117 is divided by m.
27
Let s(g) = -43*g + 3. Let z = 31 + -15. What is the remainder when s(-1) is divided by z?
14
What is the remainder when 410 - ((5 - 6) + 7) is divided by 27?
26
Let j = 4 - -19. Let r = 69 - 45. Suppose d + r = 5*d. What is the remainder when j is divided by d?
5
Let i(c) = c**2 - c. Let m be i(-1). Suppose -k = m*q - 11, 3*k + 19 = -2*q + 8*k. Calculate the remainder when (-4 - 62)*(-19)/114 is divided by q.
2
Suppose 7*t = 4*t - 2*w + 15, -5*t + w = -25. Suppose -94 = -4*v - v + 3*f, t*f = 2*v - 30. What is the remainder when 78 is divided by v?
18
Suppose 32*c - 38*c = -84. Calculate the remainder when 44 is divided by c.
2
Suppose 4*p + 0*z = 3*z + 61, 5*z = 5*p - 80. Suppose 5*f - 2*m = 2, 2*f + 5*m = -p + 37. Calculate the remainder when 13 is divided by (-3)/((-33)/12 + f).
1
Let j(f) be the first derivative of -f**4/4 + f**3/3 - f**2/2 + 12*f + 1. Calculate the remainder when ((-1364)/(-33))/(-31)*102/(-4) is divided by j(0).
10
Calculate the remainder when 141 is divided by 0 - -21 - 20/4.
13
Calculate the remainder when 25 is divided by 1/4 - (-7597)/428.
7
Let r = 22 - 22. Suppose 5*n + n - 84 = r. Let c = -82 + 136. Calculate the remainder when c is divided by n.
12
Let s = -30 + 156. Suppose 0 = 34*p - 31*p - s. Calculate the remainder when p is divided by 17.
8
Let l(g) = -g**2 - 9*g + 8. Suppose -5*s - 3*v = -1, -4*s + 7*v - 4*v = -17. Let n = s + 7. Calculate the remainder when l(-6) is divided by n.
8
Let h = -4 - -9. Suppose -116 = -h*y + 3*x, -4*y = -x - 87 - 3. Let o(s) = -s**2 + 7*s - 6. What is the remainder when y is divided by o(3)?
4
Let w(g) = -3*g + 3. Let v be w(-2). Suppose 4*n - 11 = 5*o, 5*o = -v - 6. Let a(k) = 9*k**2 - 1. Calculate the remainder when a(n) is divided by 3.
2
Let t be (-9)/6 - 2/(-4). Let v = t - 19. Let j = 29 + v. What is the remainder when 26 is divided by j?
8
Calculate the remainder when 159 is divided by 24/(3/(24/(-10)) + 2).
31
Suppose 4 = 5*x - 6. What is the remainder when (469/28)/(x/8) is divided by 35/(-2)*12/(-15)?
11
Let s = -17 + 24. Suppose -s*p = -3*p - 8. Suppose -13 = -p*y + 9. Calculate the remainder when 20 is divided by y.
9
Let d be -21*(3 - 39/9). Let v = d - 26. Calculate the remainder when 492/7 + v/(-7) is divided by 18.
16
Let k(j) = -8*j - 113. What is the remainder when k(-41) is divided by 17?
11
Let z = 10 - 12. Let u(h) = -h**2 - 1. Let w(k) = 6*k**2 - k - 1. Let p(q) = -u(q) + w(q). Calculate the remainder when p(z) is divided by 11.
8
Suppose 4*i - 175 - 145 = 0. Suppose 63 = 4*t - 5*z, 4*z = -0*t - 4*t + 72. Calculate the remainder when i is divided by t.
12
Suppose 3*c - 20 = 8*c. Let l(v) be the first derivative of -5*v**2/2 + 5*v - 56. What is the remainder when l(c) is divided by 9?
7
Suppose -2*a = 5*m - 1072, 2*m + 4*a - 294 = 138. What is the remainder when m is divided by 8?
6
Let o = 276 - 244. What is the remainder when o is divided by 9?
5
Let d(p) = -p**3 - 1. Let s be d(1). Calculate the remainder when (s + -3 + 267)*1/2 is divided by 33.
32
Let p = 3 + -3. Let b(r) = -r - 62. Let g(z) = 2*z + 63. Let x(u) = -4*b(u) - 3*g(u). Calculate the remainder when x(p) is divided by 30.
29
Suppose -10*r - 235 = -2*s - 11*r, -5*s = -3*r - 571. Calculate the remainder when s is divided by 12.
8
Let f(k) = -3*k**3 - 2*k**2 + 2*k - 3. Let d be f(2). Let q = d - 6. Let r = 52 + q. What is the remainder when r is divided by 8?
7
Suppose i - 20 = -h + 1, i = -4*h + 36. Calculate the remainder when i is divided by 1 - (11 + 0)/(-1).
4
Suppose 71 = -4*r - 2*h + 385, 3*r - 2*h = 253. What is the remainder when r is divided by 12?
9
Suppose 16*j = 15*j + 5. Suppose -p - 4*f = 2*p + 25, -4*p - 2*f = 40. Calculate the remainder when (p/(-2))/(j/10) is divided by 4.
3
Let w(x) = 55*x**2 + 2*x - 25. What is the remainder when w(-6) is divided by 27?
26
Suppose 0*h + 36 = 3*h. Calculate the remainder when 116 + (5 + -1)*6/h is divided by 30.
28
Suppose -2*j + 85 = 3*g, -8*j - 5*g + 173 = -4*j. What is the remainder when 175 is divided by j?
34
Let k be (-74 + -2 + -2)/(-2). What is the remainder when 2619/k + (-4)/26 is divided by 23?
21
Let d(v) = -2*v + 20. Let q be d(7). Let t be (-2)/(-6) + 40/6. Suppose t*z - 4 = q*z. Calculate the remainder when 13 is divided by z.
1
Suppose -m - m = 4*b, -4*m - 14 = b. What is the remainder when 37 is divided by b?
1
Suppose 0 = 6*a - a + 10, 2*t + 2*a = -370. Let b = -178 - t. Calculate the remainder when 1/3 - (-196)/6 is divided by b.
3
Suppose -2*n + 310 = 5*o + 3*n, -4*o - n = -263. Calculate the remainder when o is divided by (-168)/308 + 826/22.
30
Calculate the remainder when 74 - (-10 - -16) - (0 + 1) is divided by 23.
21
Suppose 0 = 19*v - 23*v + 244. Let u = -210 - -223. What is the remainder when v is divided by u?
9
Suppose 41*l - 3394 = 1567. Calculate the remainder when 122 is divided by l.
1
Let m(o) = 18*o**2 + 3*o - 1. Suppose -v + 5*d + 40 = 3*v, 5*d + 20 = 0. Suppose v*u = -u + 156. What is the remainder when m(2) is divided by u?
25
Let a(k) = k + 2. Let j be a(22). What is the remainder when (-310)/(-16) + j/(-64) is divided by 7?
5
Let c(y) = 2*y**2 + y. Let d be -4 + 2 + -2 - -6. Calculate the remainder when 57 is divided by c(d).
7
Let h = -4 + 16. Let d(s) = -s**3 + 12*s**2 + 27. Calculate the remainder when d(h) is divided by 6.
3
Let g(f) = 65 + 3*f**2 + 6*f**2 - 8*f - 72 - f**3. Let c be (14/(-3))/(4/(-6)). Calculate the remainder when g(c) is divided by 9.
8
Suppose -5*f = -8*y + 4*y - 16, f = 4*y. Calculate the remainder when 19 is divided by f.
3
Le